of 16670?
2, 5, 1667
List the prime factors of 351.
3, 13
List the prime factors of 31778.
2, 15889
What are the prime factors of 29072?
2, 23, 79
List the prime factors of 4234.
2, 29, 73
What are the prime factors of 21756?
2, 3, 7, 37
What are the prime factors of 23478?
2, 3, 7, 13, 43
What are the prime factors of 8469?
3, 941
What are the prime factors of 2407?
29, 83
What are the prime factors of 1608?
2, 3, 67
List the prime factors of 38869.
47, 827
List the prime factors of 99644.
2, 29, 859
List the prime factors of 26655.
3, 5, 1777
List the prime factors of 21353.
131, 163
What are the prime factors of 5362?
2, 7, 383
What are the prime factors of 9808?
2, 613
List the prime factors of 29982.
2, 3, 19, 263
List the prime factors of 16495.
5, 3299
List the prime factors of 30740.
2, 5, 29, 53
What are the prime factors of 2745?
3, 5, 61
List the prime factors of 17583.
3, 5861
List the prime factors of 7858.
2, 3929
What are the prime factors of 2195?
5, 439
What are the prime factors of 868?
2, 7, 31
What are the prime factors of 12047?
7, 1721
List the prime factors of 24619.
7, 3517
What are the prime factors of 2592?
2, 3
List the prime factors of 495.
3, 5, 11
What are the prime factors of 1148?
2, 7, 41
List the prime factors of 39441.
3, 13147
What are the prime factors of 313?
313
List the prime factors of 48151.
179, 269
What are the prime factors of 28335?
3, 5, 1889
List the prime factors of 23702.
2, 7, 1693
List the prime factors of 120818.
2, 193, 313
List the prime factors of 265.
5, 53
What are the prime factors of 12969?
3, 11, 131
What are the prime factors of 1727?
11, 157
What are the prime factors of 15?
3, 5
What are the prime factors of 924?
2, 3, 7, 11
List the prime factors of 3739.
3739
List the prime factors of 5676.
2, 3, 11, 43
List the prime factors of 6242.
2, 3121
List the prime factors of 17898.
2, 3, 19, 157
List the prime factors of 506.
2, 11, 23
What are the prime factors of 7257?
3, 41, 59
List the prime factors of 20860.
2, 5, 7, 149
What are the prime factors of 10378?
2, 5189
List the prime factors of 3220.
2, 5, 7, 23
What are the prime factors of 46430?
2, 5, 4643
List the prime factors of 298.
2, 149
What are the prime factors of 772?
2, 193
List the prime factors of 18946.
2, 9473
List the prime factors of 1051.
1051
List the prime factors of 487.
487
What are the prime factors of 2074?
2, 17, 61
List the prime factors of 2976.
2, 3, 31
List the prime factors of 16433.
16433
List the prime factors of 1515.
3, 5, 101
What are the prime factors of 5460?
2, 3, 5, 7, 13
What are the prime factors of 197071?
7, 47, 599
List the prime factors of 1954.
2, 977
What are the prime factors of 951?
3, 317
What are the prime factors of 722?
2, 19
What are the prime factors of 1283?
1283
List the prime factors of 5262.
2, 3, 877
List the prime factors of 187.
11, 17
What are the prime factors of 118656?
2, 3, 103
List the prime factors of 1225.
5, 7
What are the prime factors of 19570?
2, 5, 19, 103
What are the prime factors of 12279?
3, 4093
List the prime factors of 14178.
2, 3, 17, 139
List the prime factors of 51896.
2, 13, 499
What are the prime factors of 50341?
50341
What are the prime factors of 2207?
2207
List the prime factors of 1650.
2, 3, 5, 11
List the prime factors of 7298.
2, 41, 89
What are the prime factors of 1108?
2, 277
List the prime factors of 27653.
27653
List the prime factors of 6132.
2, 3, 7, 73
List the prime factors of 6940.
2, 5, 347
What are the prime factors of 15920?
2, 5, 199
What are the prime factors of 6493?
43, 151
What are the prime factors of 19759?
19759
List the prime factors of 133942.
2, 193, 347
List the prime factors of 4023.
3, 149
List the prime factors of 365.
5, 73
List the prime factors of 460.
2, 5, 23
What are the prime factors of 48589?
48589
List the prime factors of 1378.
2, 13, 53
List the prime factors of 1114.
2, 557
List the prime factors of 68642.
2, 7, 4903
What are the prime factors of 2554?
2, 1277
List the prime factors of 44908.
2, 103, 109
List the prime factors of 33212.
2, 19, 23
What are the prime factors of 11623?
59, 197
What are the prime factors of 3590?
2, 5, 359
What are the prime factors of 4018?
2, 7, 41
List the prime factors of 279.
3, 31
What are the prime factors of 2332?
2, 11, 53
List the prime factors of 28882.
2, 7, 2063
List the prime factors of 9481.
19, 499
List the prime factors of 10604.
2, 11, 241
What are the prime factors of 5004?
2, 3, 139
List the prime factors of 58622.
2, 29311
List the prime factors of 82463.
82463
List the prime factors of 59188.
2, 14797
List the prime factors of 5662.
2, 19, 149
What are the prime factors of 1447?
1447
What are the prime factors of 1310?
2, 5, 131
What are the prime factors of 7704?
2, 3, 107
What are the prime factors of 25319?
7, 3617
What are the prime factors of 251?
251
What are the prime factors of 25058?
2, 11, 17, 67
What are the prime factors of 191031?
3, 37, 1721
What are the prime factors of 14019?
3, 4673
List the prime factors of 9224.
2, 1153
What are the prime factors of 2316?
2, 3, 193
List the prime factors of 47303.
47303
What are the prime factors of 740?
2, 5, 37
What are the prime factors of 2423?
2423
List the prime factors of 62284.
2, 23, 677
What are the prime factors of 31090?
2, 5, 3109
What are the prime factors of 13071?
3, 4357
List the prime factors of 8484.
2, 3, 7, 101
List the prime factors of 8963.
8963
What are the prime factors of 8958?
2, 3, 1493
What are the prime factors of 5707?
13, 439
List the prime factors of 7638.
2, 3, 19, 67
What are the prime factors of 17887?
31, 577
What are the prime factors of 8564?
2, 2141
List the prime factors of 2186.
2, 1093
List the prime factors of 77684.
2, 19421
List the prime factors of 5995.
5, 11, 109
List the prime factors of 46246.
2, 19, 1217
What are the prime factors of 6336?
2, 3, 11
List the prime factors of 573.
3, 191
List the prime factors of 512.
2
What are the prime factors of 1083?
3, 19
List the prime factors of 14890.
2, 5, 1489
List the prime factors of 17022.
2, 3, 2837
What are the prime factors of 41676?
2, 3, 23, 151
What are the prime factors of 4301?
11, 17, 23
List the prime factors of 101885.
5, 7, 41, 71
List the prime factors of 657.
3, 73
List the prime factors of 60027.
3, 11, 17, 107
List the prime factors of 5349.
3, 1783
List the prime factors of 36260.
2, 5, 7, 37
List the prime factors of 5420.
2, 5, 271
What are the prime factors of 3905?
5, 11, 71
List the prime factors of 1164.
2, 3, 97
List the prime factors of 1188.
2, 3, 11
What are the prime factors of 2473?
2473
List the prime factors of 1379.
7, 197
List the prime factors of 1859.
11, 13
What are the prime factors of 37620?
2, 3, 5, 11, 19
What are the prime factors of 26911?
17, 1583
What are the prime factors of 5354?
2, 2677
List the prime factors of 2681.
7, 383
What are the prime factors of 1646?
2, 823
What are the prime factors of 8616?
2, 3, 359
What are the prime factors of 2334?
2, 3, 389
List the prime factors of 454.
2, 227
List the prime factors of 17130.
2, 3, 5, 571
List the prime factors of 5183.
71, 73
List the prime factors of 69489.
3, 7, 1103
List the prime factors of 10.
2, 5
List the prime factors of 167.
167
What are the prime factors of 13398?
2, 3, 7, 11, 29
List the prime factors of 2904.
2, 3, 11
What are the prime factors of 19929?
3, 7, 13, 73
What are the prime factors of 4436?
2, 1109
What are the prime factors of 3565?
5, 23, 31
List the prime factors of 14793.
3, 4931
What are the prime factors of 13456?
2, 29
What are the prime factors of 52315?
5, 10463
What are the prime factors of 18396?
2, 3, 7, 73
What are the prime factors of 3868?
2, 967
List the prime factors of 1410.
2, 3, 5, 47
What are the prime factors of 70533?
3, 17, 461
List the prime factors of 89892.
2, 3, 11, 227
What are the prime factors of 8811?
3, 11, 89
List the prime factors of 331.
331
List the prime factors of 330.
2, 3, 5, 11
What are the prime factors of 11183?
53, 211
List the prime factors of 3270.
2, 3, 5, 109
What are the prime factors of 17131?
37, 463
What are the prime factors of 3084?
2, 3, 257
List the prime factors of 495.
3, 5, 11
What are the prime factors of 1014?
2,